{"id":3998,"date":"2020-12-04T16:57:32","date_gmt":"2020-12-04T15:57:32","guid":{"rendered":"https:\/\/www.auxcinephilesdeleau.com\/?page_id=3998"},"modified":"2020-12-21T00:27:55","modified_gmt":"2020-12-20T23:27:55","slug":"cine-searcus-le-livre","status":"publish","type":"page","link":"https:\/\/www.auxcinephilesdeleau.com\/?page_id=3998","title":{"rendered":"Cin\u00e9 SearCus, le livre !"},"content":{"rendered":"\n<figure class=\"wp-block-image is-resized size-large is-style-default\"><img decoding=\"async\" loading=\"lazy\" src=\"https:\/\/www.auxcinephilesdeleau.com\/wp-content\/uploads\/2020\/11\/Cine\u0301_SearCus-4e1ere_de_couv-version_definitive-1024x695.jpg\" alt=\"\" class=\"wp-image-3975\" width=\"661\" height=\"449\" srcset=\"https:\/\/www.auxcinephilesdeleau.com\/wp-content\/uploads\/2020\/11\/Cine\u0301_SearCus-4e1ere_de_couv-version_definitive-1024x695.jpg 1024w, https:\/\/www.auxcinephilesdeleau.com\/wp-content\/uploads\/2020\/11\/Cine\u0301_SearCus-4e1ere_de_couv-version_definitive-300x204.jpg 300w, https:\/\/www.auxcinephilesdeleau.com\/wp-content\/uploads\/2020\/11\/Cine\u0301_SearCus-4e1ere_de_couv-version_definitive-768x521.jpg 768w, https:\/\/www.auxcinephilesdeleau.com\/wp-content\/uploads\/2020\/11\/Cine\u0301_SearCus-4e1ere_de_couv-version_definitive-600x407.jpg 600w, https:\/\/www.auxcinephilesdeleau.com\/wp-content\/uploads\/2020\/11\/Cine\u0301_SearCus-4e1ere_de_couv-version_definitive-1536x1043.jpg 1536w, https:\/\/www.auxcinephilesdeleau.com\/wp-content\/uploads\/2020\/11\/Cine\u0301_SearCus-4e1ere_de_couv-version_definitive-2048x1390.jpg 2048w, https:\/\/www.auxcinephilesdeleau.com\/wp-content\/uploads\/2020\/11\/Cine\u0301_SearCus-4e1ere_de_couv-version_definitive-1320x896.jpg 1320w\" sizes=\"(max-width: 661px) 100vw, 661px\" \/><\/figure>\n\n\n\n<p>R\u00e9sum\u00e9 : <\/p>\n\n\n\n<p>Apr\u00e8s un premier voyage avec le <em>Bateau-cin\u00e9ma<\/em> en Casamance (Sud-S\u00e9n\u00e9gal), Pauline Le P\u00e9culier, Yann Illien et leurs enfants Noanne et Titouan, embarquent pour un nouveau p\u00e9riple, \u00e0 bord de leur voilier <em>Dominao<\/em>, port\u00e9s par le projet <em>Cin\u00e9 SearCus<\/em>.<\/p>\n\n\n\n<p>Avec l\u2019aide d\u2019\u00e9quipiers amoureux de la mer et du spectacle, ils montent un cin\u00e9ma musical et farfelu, jou\u00e9 lors de leurs escales autour de l\u2019Atlantique, de 2015 \u00e0 2018.<\/p>\n\n\n\n<p>Initialement pr\u00e9vu pour trois voiliers, <em>Cin\u00e9 SearCus<\/em> a v\u00e9cu de nombreuses p\u00e9rip\u00e9ties et pris diff\u00e9rentes formes au fil de l\u2019eau.<\/p>\n\n\n\n<p>Au cours de leur p\u00e9riple, Pauline a tenu un blog de voyage dans lequel elle racontait leurs p\u00e9r\u00e9grinations. Elle nous livre ici ce r\u00e9cit en toute sinc\u00e9rit\u00e9 et l\u00e9g\u00e8ret\u00e9, rempli d\u2019anecdotes sal\u00e9es et d\u2019inoubliables rencontres.<\/p>\n\n\n\n<p>Comment ont-ils r\u00e9ussi \u00e0 composer avec la gestion du bateau, la vie de famille et la r\u00e9alisation d\u2019un tel projet&nbsp;? Un sacr\u00e9 challenge \u00e0 d\u00e9couvrir sans plus tarder&nbsp;!<\/p>\n\n\n\n<p>A travers textes, photos et dessins, plongez-vous dans un voyage intime et rocambolesque, \u00e0 la fois culturel, familial et collectif, rempli d\u2019espoir et de r\u00eaves les plus fous&nbsp;!<\/p>\n\n\n\n<p><\/p>\n\n\n\n<p>Petit extrait pour vous donner envie de vous le procurer : <\/p>\n\n\n\n<p><a href=\"https:\/\/www.auxcinephilesdeleau.com\/wp-content\/uploads\/2020\/11\/Cin\u00e9-SearCus-36-47_planche-1.pdf\" target=\"_blank\" rel=\"noreferrer noopener\">https:\/\/www.auxcinephilesdeleau.com\/wp-content\/uploads\/2020\/11\/Cin\u00e9-SearCus-36-47_planche-1.pdf<\/a><\/p>\n\n\n\n<p>Et pour l&rsquo;acheter, c&rsquo;est par ici : <a rel=\"noreferrer noopener\" href=\"https:\/\/l.facebook.com\/l.php?u=https%3A%2F%2Fframa.link%2Fboutique-en-ligne-cinesearcus%3Ffbclid%3DIwAR3IhtxOSfd79Ivh9URIsDYyO17EuCARVZ4tCIRt13coWf2ZP3gwgSXmLFg&amp;h=AT0QC9OQY3Rv648ZBfgUMwkhjtMM6XkVCRSo0Up9VhC_NkQ2C9zPpZYVy9DZ45M3_K3hoqpYIxj4nUNKYuIPalXC0cPlc_YeZTDIGprLba1Aipp7yeOY85iZFGK3jczHVcVDCHw&amp;__tn__=-UK-R&amp;c%5B0%5D=AT2Y_3d2FX9pTe-le3qGR0qQXsQxpA6CdtTvhpashfcal_z_TvuP6nhlWuUrNZZgYp4ZlaBSUcu7GwqQ1-1jHytOY27EeCzfQ0fTRP1IMvHLOTCwNYwyjelTkCC33tuI4cD5GHPO6UASBa98T3Sf-5aoPw-edsXha3M2L2JB54sKzP2pvrZoCfPSAhOeEYm6qoTWD53kZ1oGPbt0uUGYez3uDg\" target=\"_blank\">https:\/\/frama.link\/boutique-en-ligne-cinesearcus<\/a><\/p>\n\n\n\n<iframe id=\"haWidget\" allowtransparency=\"true\" src=\"https:\/\/www.helloasso.com\/associations\/aux-cinephiles-de-l-eau\/evenements\/vente-de-livres-dvds-tee-shirts-sur-cine-searcus\/widget-vignette\" style=\"width: 100%; height: 470px; border: none;\"><\/iframe>\n\n\n\n<p>Vous pouvez \u00e9galement retrouver le livre dans les points de vente suivant : <\/p>\n\n\n\n<p>&#8211; Tr\u00e9guier : <a href=\"https:\/\/www.facebook.com\/Le-Bel-Aujourdhui-325031814578037\/?__cft__[0]=AZVjapG2m1zzLmpVMkXHESfxkmMMaaainjpMGdq-MuKRHjx7BKayoWC2X-85FHE9j7HsgbnDPXuEodZOEsBs3qMiklSxs-gHc2PdPOEDwuHPnEMSh3ewNuFI0Ffzz7FA5Qs_9SGksSlymKs_4y-SdTS8lwsylPBepkuCaG47dpMhVL8fWC60f_q3OkAb44-GN-Y&amp;__tn__=kK-R\">Le Bel Aujourd&rsquo;hui<\/a><\/p>\n\n\n\n<p>&#8211; Lannion : <a href=\"https:\/\/www.facebook.com\/davgwalarn\/?__cft__[0]=AZVjapG2m1zzLmpVMkXHESfxkmMMaaainjpMGdq-MuKRHjx7BKayoWC2X-85FHE9j7HsgbnDPXuEodZOEsBs3qMiklSxs-gHc2PdPOEDwuHPnEMSh3ewNuFI0Ffzz7FA5Qs_9SGksSlymKs_4y-SdTS8lwsylPBepkuCaG47dpMhVL8fWC60f_q3OkAb44-GN-Y&amp;__tn__=kK-R\">Librairie Gwalarn<\/a><\/p>\n\n\n\n<p>&#8211; Guingamp : <a href=\"https:\/\/www.facebook.com\/motsetimagesguingamp\/?__cft__[0]=AZVjapG2m1zzLmpVMkXHESfxkmMMaaainjpMGdq-MuKRHjx7BKayoWC2X-85FHE9j7HsgbnDPXuEodZOEsBs3qMiklSxs-gHc2PdPOEDwuHPnEMSh3ewNuFI0Ffzz7FA5Qs_9SGksSlymKs_4y-SdTS8lwsylPBepkuCaG47dpMhVL8fWC60f_q3OkAb44-GN-Y&amp;__tn__=kK-R\">Mots et Images<\/a><\/p>\n\n\n\n<p>&#8211; Saint Agathon : <a href=\"https:\/\/www.facebook.com\/maptitefabrik22\/?__cft__[0]=AZVjapG2m1zzLmpVMkXHESfxkmMMaaainjpMGdq-MuKRHjx7BKayoWC2X-85FHE9j7HsgbnDPXuEodZOEsBs3qMiklSxs-gHc2PdPOEDwuHPnEMSh3ewNuFI0Ffzz7FA5Qs_9SGksSlymKs_4y-SdTS8lwsylPBepkuCaG47dpMhVL8fWC60f_q3OkAb44-GN-Y&amp;__tn__=kK-R\">Ma P&rsquo;tite Fabrik<\/a><\/p>\n\n\n\n<p>&#8211; Paimpol : <a href=\"https:\/\/www.facebook.com\/librairiedurenard\/?__cft__[0]=AZVjapG2m1zzLmpVMkXHESfxkmMMaaainjpMGdq-MuKRHjx7BKayoWC2X-85FHE9j7HsgbnDPXuEodZOEsBs3qMiklSxs-gHc2PdPOEDwuHPnEMSh3ewNuFI0Ffzz7FA5Qs_9SGksSlymKs_4y-SdTS8lwsylPBepkuCaG47dpMhVL8fWC60f_q3OkAb44-GN-Y&amp;__tn__=kK-R\">Librairie Du Renard<\/a> et <a href=\"https:\/\/www.facebook.com\/Biocoop-Lunesol-Paimpol-1209810639095495\/?__cft__[0]=AZVjapG2m1zzLmpVMkXHESfxkmMMaaainjpMGdq-MuKRHjx7BKayoWC2X-85FHE9j7HsgbnDPXuEodZOEsBs3qMiklSxs-gHc2PdPOEDwuHPnEMSh3ewNuFI0Ffzz7FA5Qs_9SGksSlymKs_4y-SdTS8lwsylPBepkuCaG47dpMhVL8fWC60f_q3OkAb44-GN-Y&amp;__tn__=kK-R\">Biocoop Lunesol Paimpol<\/a><\/p>\n\n\n\n<p>&#8211; Binic-Etables-sur-mer : <a href=\"https:\/\/www.facebook.com\/tagarin\/?__cft__[0]=AZVjapG2m1zzLmpVMkXHESfxkmMMaaainjpMGdq-MuKRHjx7BKayoWC2X-85FHE9j7HsgbnDPXuEodZOEsBs3qMiklSxs-gHc2PdPOEDwuHPnEMSh3ewNuFI0Ffzz7FA5Qs_9SGksSlymKs_4y-SdTS8lwsylPBepkuCaG47dpMhVL8fWC60f_q3OkAb44-GN-Y&amp;__tn__=kK-R\">Caf\u00e9 Librairie Le Tagarin<\/a><\/p>\n\n\n\n<p>&#8211; Binic : <a href=\"https:\/\/www.facebook.com\/lechalandbinic\/?__cft__[0]=AZVjapG2m1zzLmpVMkXHESfxkmMMaaainjpMGdq-MuKRHjx7BKayoWC2X-85FHE9j7HsgbnDPXuEodZOEsBs3qMiklSxs-gHc2PdPOEDwuHPnEMSh3ewNuFI0Ffzz7FA5Qs_9SGksSlymKs_4y-SdTS8lwsylPBepkuCaG47dpMhVL8fWC60f_q3OkAb44-GN-Y&amp;__tn__=kK-R\">Le chaland qui passe<\/a><\/p>\n\n\n\n<p>&#8211; Saint Quay Portrieux : Maison de la presse <\/p>\n\n\n\n<p>&#8211; Lanvollon : <a href=\"https:\/\/www.facebook.com\/Aux-Saveurs-Paysannes-100802625095375\/?__cft__[0]=AZVjapG2m1zzLmpVMkXHESfxkmMMaaainjpMGdq-MuKRHjx7BKayoWC2X-85FHE9j7HsgbnDPXuEodZOEsBs3qMiklSxs-gHc2PdPOEDwuHPnEMSh3ewNuFI0Ffzz7FA5Qs_9SGksSlymKs_4y-SdTS8lwsylPBepkuCaG47dpMhVL8fWC60f_q3OkAb44-GN-Y&amp;__tn__=kK-R\">Aux Saveurs Paysannes<\/a><\/p>\n\n\n\n<p>&#8211; <a href=\"https:\/\/www.facebook.com\/epiceriecolegram\/?__cft__[0]=AZVjapG2m1zzLmpVMkXHESfxkmMMaaainjpMGdq-MuKRHjx7BKayoWC2X-85FHE9j7HsgbnDPXuEodZOEsBs3qMiklSxs-gHc2PdPOEDwuHPnEMSh3ewNuFI0Ffzz7FA5Qs_9SGksSlymKs_4y-SdTS8lwsylPBepkuCaG47dpMhVL8fWC60f_q3OkAb44-GN-Y&amp;__tn__=kK-R\">Ecol\u00e9gram&rsquo; -Epicerie Ambulante<\/a><\/p>\n\n\n\n<p>&#8211; Mayenne : <a href=\"https:\/\/www.facebook.com\/libdumarais\/?__cft__[0]=AZVjapG2m1zzLmpVMkXHESfxkmMMaaainjpMGdq-MuKRHjx7BKayoWC2X-85FHE9j7HsgbnDPXuEodZOEsBs3qMiklSxs-gHc2PdPOEDwuHPnEMSh3ewNuFI0Ffzz7FA5Qs_9SGksSlymKs_4y-SdTS8lwsylPBepkuCaG47dpMhVL8fWC60f_q3OkAb44-GN-Y&amp;__tn__=kK-R\">Librairie du Marais<\/a><\/p>\n","protected":false},"excerpt":{"rendered":"<p>R\u00e9sum\u00e9 : Apr\u00e8s un premier voyage avec le Bateau-cin\u00e9ma en Casamance (Sud-S\u00e9n\u00e9gal), Pauline Le P\u00e9culier, Yann Illien et leurs enfants Noanne et Titouan, embarquent pour un nouveau p\u00e9riple, \u00e0 bord de leur voilier Dominao, port\u00e9s par le projet Cin\u00e9 SearCus. &hellip; <a href=\"https:\/\/www.auxcinephilesdeleau.com\/?page_id=3998\">Continuer la lecture <span class=\"meta-nav\">&rarr;<\/span><\/a><\/p>\n","protected":false},"author":3,"featured_media":3994,"parent":1439,"menu_order":0,"comment_status":"closed","ping_status":"closed","template":"onecolumn-large.php","meta":{"_mi_skip_tracking":false,"_monsterinsights_sitenote_active":false,"_monsterinsights_sitenote_note":"","_monsterinsights_sitenote_category":0,"footnotes":""},"_links":{"self":[{"href":"https:\/\/www.auxcinephilesdeleau.com\/index.php?rest_route=\/wp\/v2\/pages\/3998"}],"collection":[{"href":"https:\/\/www.auxcinephilesdeleau.com\/index.php?rest_route=\/wp\/v2\/pages"}],"about":[{"href":"https:\/\/www.auxcinephilesdeleau.com\/index.php?rest_route=\/wp\/v2\/types\/page"}],"author":[{"embeddable":true,"href":"https:\/\/www.auxcinephilesdeleau.com\/index.php?rest_route=\/wp\/v2\/users\/3"}],"replies":[{"embeddable":true,"href":"https:\/\/www.auxcinephilesdeleau.com\/index.php?rest_route=%2Fwp%2Fv2%2Fcomments&post=3998"}],"version-history":[{"count":6,"href":"https:\/\/www.auxcinephilesdeleau.com\/index.php?rest_route=\/wp\/v2\/pages\/3998\/revisions"}],"predecessor-version":[{"id":4049,"href":"https:\/\/www.auxcinephilesdeleau.com\/index.php?rest_route=\/wp\/v2\/pages\/3998\/revisions\/4049"}],"up":[{"embeddable":true,"href":"https:\/\/www.auxcinephilesdeleau.com\/index.php?rest_route=\/wp\/v2\/pages\/1439"}],"wp:featuredmedia":[{"embeddable":true,"href":"https:\/\/www.auxcinephilesdeleau.com\/index.php?rest_route=\/wp\/v2\/media\/3994"}],"wp:attachment":[{"href":"https:\/\/www.auxcinephilesdeleau.com\/index.php?rest_route=%2Fwp%2Fv2%2Fmedia&parent=3998"}],"curies":[{"name":"wp","href":"https:\/\/api.w.org\/{rel}","templated":true}]}}

Ciné SearCus, le livre !

<figure class="wp-block-image is-resized size-large is-style-default"><img decoding="async" loading="lazy" src="https://www.auxcinephilesdeleau.com/wp-content/uploads/2020/11/Ciné_SearCus-4e1ere_de_couv-version_definitive-1024x695.jpg" alt="" class="wp-image-3975" width="661" height="449" srcset="https://www.auxcinephilesdeleau.com/wp-content/uploads/2020/11/Ciné_SearCus-4e1ere_de_couv-version_definitive-1024x695.jpg 1024w, https://www.auxcinephilesdeleau.com/wp-content/uploads/2020/11/Ciné_SearCus-4e1ere_de_couv-version_definitive-300x204.jpg 300w, https://www.auxcinephilesdeleau.com/wp-content/uploads/2020/11/Ciné_SearCus-4e1ere_de_couv-version_definitive-768x521.jpg 768w, https://www.auxcinephilesdeleau.com/wp-content/uploads/2020/11/Ciné_SearCus-4e1ere_de_couv-version_definitive-600x407.jpg 600w, https://www.auxcinephilesdeleau.com/wp-content/uploads/2020/11/Ciné_SearCus-4e1ere_de_couv-version_definitive-1536x1043.jpg 1536w, https://www.auxcinephilesdeleau.com/wp-content/uploads/2020/11/Ciné_SearCus-4e1ere_de_couv-version_definitive-2048x1390.jpg 2048w, https://www.auxcinephilesdeleau.com/wp-content/uploads/2020/11/Ciné_SearCus-4e1ere_de_couv-version_definitive-1320x896.jpg 1320w" sizes="(max-width: 661px) 100vw, 661px" /></figure>



<p>Résumé : </p>



<p>Après un premier voyage avec le <em>Bateau-cinéma</em> en Casamance (Sud-Sénégal), Pauline Le Péculier, Yann Illien et leurs enfants Noanne et Titouan, embarquent pour un nouveau périple, à bord de leur voilier <em>Dominao</em>, portés par le projet <em>Ciné SearCus</em>.</p>



<p>Avec l’aide d’équipiers amoureux de la mer et du spectacle, ils montent un cinéma musical et farfelu, joué lors de leurs escales autour de l’Atlantique, de 2015 à 2018.</p>



<p>Initialement prévu pour trois voiliers, <em>Ciné SearCus</em> a vécu de nombreuses péripéties et pris différentes formes au fil de l’eau.</p>



<p>Au cours de leur périple, Pauline a tenu un blog de voyage dans lequel elle racontait leurs pérégrinations. Elle nous livre ici ce récit en toute sincérité et légèreté, rempli d’anecdotes salées et d’inoubliables rencontres.</p>



<p>Comment ont-ils réussi à composer avec la gestion du bateau, la vie de famille et la réalisation d’un tel projet&nbsp;? Un sacré challenge à découvrir sans plus tarder&nbsp;!</p>



<p>A travers textes, photos et dessins, plongez-vous dans un voyage intime et rocambolesque, à la fois culturel, familial et collectif, rempli d’espoir et de rêves les plus fous&nbsp;!</p>



<p></p>



<p>Petit extrait pour vous donner envie de vous le procurer : </p>



<p><a href="https://www.auxcinephilesdeleau.com/wp-content/uploads/2020/11/Ciné-SearCus-36-47_planche-1.pdf" target="_blank" rel="noreferrer noopener">https://www.auxcinephilesdeleau.com/wp-content/uploads/2020/11/Ciné-SearCus-36-47_planche-1.pdf</a></p>



<p>Et pour l&rsquo;acheter, c&rsquo;est par ici : <a rel="noreferrer noopener" href="https://l.facebook.com/l.php?u=https%3A%2F%2Fframa.link%2Fboutique-en-ligne-cinesearcus%3Ffbclid%3DIwAR3IhtxOSfd79Ivh9URIsDYyO17EuCARVZ4tCIRt13coWf2ZP3gwgSXmLFg&amp;h=AT0QC9OQY3Rv648ZBfgUMwkhjtMM6XkVCRSo0Up9VhC_NkQ2C9zPpZYVy9DZ45M3_K3hoqpYIxj4nUNKYuIPalXC0cPlc_YeZTDIGprLba1Aipp7yeOY85iZFGK3jczHVcVDCHw&amp;__tn__=-UK-R&amp;c%5B0%5D=AT2Y_3d2FX9pTe-le3qGR0qQXsQxpA6CdtTvhpashfcal_z_TvuP6nhlWuUrNZZgYp4ZlaBSUcu7GwqQ1-1jHytOY27EeCzfQ0fTRP1IMvHLOTCwNYwyjelTkCC33tuI4cD5GHPO6UASBa98T3Sf-5aoPw-edsXha3M2L2JB54sKzP2pvrZoCfPSAhOeEYm6qoTWD53kZ1oGPbt0uUGYez3uDg" target="_blank">https://frama.link/boutique-en-ligne-cinesearcus</a></p>



<iframe id="haWidget" allowtransparency="true" src="https://www.helloasso.com/associations/aux-cinephiles-de-l-eau/evenements/vente-de-livres-dvds-tee-shirts-sur-cine-searcus/widget-vignette" style="width: 100%; height: 470px; border: none;"></iframe>



<p>Vous pouvez également retrouver le livre dans les points de vente suivant : </p>



<p>&#8211; Tréguier : <a href="https://www.facebook.com/Le-Bel-Aujourdhui-325031814578037/?__cft__[0]=AZVjapG2m1zzLmpVMkXHESfxkmMMaaainjpMGdq-MuKRHjx7BKayoWC2X-85FHE9j7HsgbnDPXuEodZOEsBs3qMiklSxs-gHc2PdPOEDwuHPnEMSh3ewNuFI0Ffzz7FA5Qs_9SGksSlymKs_4y-SdTS8lwsylPBepkuCaG47dpMhVL8fWC60f_q3OkAb44-GN-Y&amp;__tn__=kK-R">Le Bel Aujourd&rsquo;hui</a></p>



<p>&#8211; Lannion : <a href="https://www.facebook.com/davgwalarn/?__cft__[0]=AZVjapG2m1zzLmpVMkXHESfxkmMMaaainjpMGdq-MuKRHjx7BKayoWC2X-85FHE9j7HsgbnDPXuEodZOEsBs3qMiklSxs-gHc2PdPOEDwuHPnEMSh3ewNuFI0Ffzz7FA5Qs_9SGksSlymKs_4y-SdTS8lwsylPBepkuCaG47dpMhVL8fWC60f_q3OkAb44-GN-Y&amp;__tn__=kK-R">Librairie Gwalarn</a></p>



<p>&#8211; Guingamp : <a href="https://www.facebook.com/motsetimagesguingamp/?__cft__[0]=AZVjapG2m1zzLmpVMkXHESfxkmMMaaainjpMGdq-MuKRHjx7BKayoWC2X-85FHE9j7HsgbnDPXuEodZOEsBs3qMiklSxs-gHc2PdPOEDwuHPnEMSh3ewNuFI0Ffzz7FA5Qs_9SGksSlymKs_4y-SdTS8lwsylPBepkuCaG47dpMhVL8fWC60f_q3OkAb44-GN-Y&amp;__tn__=kK-R">Mots et Images</a></p>



<p>&#8211; Saint Agathon : <a href="https://www.facebook.com/maptitefabrik22/?__cft__[0]=AZVjapG2m1zzLmpVMkXHESfxkmMMaaainjpMGdq-MuKRHjx7BKayoWC2X-85FHE9j7HsgbnDPXuEodZOEsBs3qMiklSxs-gHc2PdPOEDwuHPnEMSh3ewNuFI0Ffzz7FA5Qs_9SGksSlymKs_4y-SdTS8lwsylPBepkuCaG47dpMhVL8fWC60f_q3OkAb44-GN-Y&amp;__tn__=kK-R">Ma P&rsquo;tite Fabrik</a></p>



<p>&#8211; Paimpol : <a href="https://www.facebook.com/librairiedurenard/?__cft__[0]=AZVjapG2m1zzLmpVMkXHESfxkmMMaaainjpMGdq-MuKRHjx7BKayoWC2X-85FHE9j7HsgbnDPXuEodZOEsBs3qMiklSxs-gHc2PdPOEDwuHPnEMSh3ewNuFI0Ffzz7FA5Qs_9SGksSlymKs_4y-SdTS8lwsylPBepkuCaG47dpMhVL8fWC60f_q3OkAb44-GN-Y&amp;__tn__=kK-R">Librairie Du Renard</a> et <a href="https://www.facebook.com/Biocoop-Lunesol-Paimpol-1209810639095495/?__cft__[0]=AZVjapG2m1zzLmpVMkXHESfxkmMMaaainjpMGdq-MuKRHjx7BKayoWC2X-85FHE9j7HsgbnDPXuEodZOEsBs3qMiklSxs-gHc2PdPOEDwuHPnEMSh3ewNuFI0Ffzz7FA5Qs_9SGksSlymKs_4y-SdTS8lwsylPBepkuCaG47dpMhVL8fWC60f_q3OkAb44-GN-Y&amp;__tn__=kK-R">Biocoop Lunesol Paimpol</a></p>



<p>&#8211; Binic-Etables-sur-mer : <a href="https://www.facebook.com/tagarin/?__cft__[0]=AZVjapG2m1zzLmpVMkXHESfxkmMMaaainjpMGdq-MuKRHjx7BKayoWC2X-85FHE9j7HsgbnDPXuEodZOEsBs3qMiklSxs-gHc2PdPOEDwuHPnEMSh3ewNuFI0Ffzz7FA5Qs_9SGksSlymKs_4y-SdTS8lwsylPBepkuCaG47dpMhVL8fWC60f_q3OkAb44-GN-Y&amp;__tn__=kK-R">Café Librairie Le Tagarin</a></p>



<p>&#8211; Binic : <a href="https://www.facebook.com/lechalandbinic/?__cft__[0]=AZVjapG2m1zzLmpVMkXHESfxkmMMaaainjpMGdq-MuKRHjx7BKayoWC2X-85FHE9j7HsgbnDPXuEodZOEsBs3qMiklSxs-gHc2PdPOEDwuHPnEMSh3ewNuFI0Ffzz7FA5Qs_9SGksSlymKs_4y-SdTS8lwsylPBepkuCaG47dpMhVL8fWC60f_q3OkAb44-GN-Y&amp;__tn__=kK-R">Le chaland qui passe</a></p>



<p>&#8211; Saint Quay Portrieux : Maison de la presse </p>



<p>&#8211; Lanvollon : <a href="https://www.facebook.com/Aux-Saveurs-Paysannes-100802625095375/?__cft__[0]=AZVjapG2m1zzLmpVMkXHESfxkmMMaaainjpMGdq-MuKRHjx7BKayoWC2X-85FHE9j7HsgbnDPXuEodZOEsBs3qMiklSxs-gHc2PdPOEDwuHPnEMSh3ewNuFI0Ffzz7FA5Qs_9SGksSlymKs_4y-SdTS8lwsylPBepkuCaG47dpMhVL8fWC60f_q3OkAb44-GN-Y&amp;__tn__=kK-R">Aux Saveurs Paysannes</a></p>



<p>&#8211; <a href="https://www.facebook.com/epiceriecolegram/?__cft__[0]=AZVjapG2m1zzLmpVMkXHESfxkmMMaaainjpMGdq-MuKRHjx7BKayoWC2X-85FHE9j7HsgbnDPXuEodZOEsBs3qMiklSxs-gHc2PdPOEDwuHPnEMSh3ewNuFI0Ffzz7FA5Qs_9SGksSlymKs_4y-SdTS8lwsylPBepkuCaG47dpMhVL8fWC60f_q3OkAb44-GN-Y&amp;__tn__=kK-R">Ecolégram&rsquo; -Epicerie Ambulante</a></p>



<p>&#8211; Mayenne : <a href="https://www.facebook.com/libdumarais/?__cft__[0]=AZVjapG2m1zzLmpVMkXHESfxkmMMaaainjpMGdq-MuKRHjx7BKayoWC2X-85FHE9j7HsgbnDPXuEodZOEsBs3qMiklSxs-gHc2PdPOEDwuHPnEMSh3ewNuFI0Ffzz7FA5Qs_9SGksSlymKs_4y-SdTS8lwsylPBepkuCaG47dpMhVL8fWC60f_q3OkAb44-GN-Y&amp;__tn__=kK-R">Librairie du Marais</a></p>

<p>Résumé : Après un premier voyage avec le Bateau-cinéma en Casamance (Sud-Sénégal), Pauline Le Péculier, Yann Illien et leurs enfants Noanne et Titouan, embarquent pour un nouveau périple, à bord de leur voilier Dominao, portés par le projet Ciné SearCus. &hellip; <a href="https://www.auxcinephilesdeleau.com/?page_id=3998">Continuer la lecture <span class="meta-nav">&rarr;</span></a></p>
