{"id":447,"date":"2011-04-27T20:07:40","date_gmt":"2011-04-27T19:07:40","guid":{"rendered":"http:\/\/www.auxcinephilesdeleau.com\/?page_id=447"},"modified":"2015-07-08T18:06:45","modified_gmt":"2015-07-08T17:06:45","slug":"presse","status":"publish","type":"page","link":"https:\/\/www.auxcinephilesdeleau.com\/?page_id=447","title":{"rendered":"Presse"},"content":{"rendered":"<p>&#8211; Le T\u00e9l\u00e9gramme du 26 juin 2015 :<\/p>\n<p><a href=\"https:\/\/www.auxcinephilesdeleau.com\/wp-content\/uploads\/2011\/04\/15.06.26-Camaret-T\u00e9l\u00e9gramme.jpg\"><img decoding=\"async\" loading=\"lazy\" class=\"aligncenter size-large wp-image-1738\" src=\"https:\/\/www.auxcinephilesdeleau.com\/wp-content\/uploads\/2011\/04\/15.06.26-Camaret-T\u00e9l\u00e9gramme-1024x908.jpg\" alt=\"[CHATEAULIN - 26]  TB\/SUD\/PAGES ... 26\/06\/15\" width=\"640\" height=\"568\" srcset=\"https:\/\/www.auxcinephilesdeleau.com\/wp-content\/uploads\/2011\/04\/15.06.26-Camaret-T\u00e9l\u00e9gramme-1024x908.jpg 1024w, https:\/\/www.auxcinephilesdeleau.com\/wp-content\/uploads\/2011\/04\/15.06.26-Camaret-T\u00e9l\u00e9gramme-300x266.jpg 300w, https:\/\/www.auxcinephilesdeleau.com\/wp-content\/uploads\/2011\/04\/15.06.26-Camaret-T\u00e9l\u00e9gramme-600x532.jpg 600w, https:\/\/www.auxcinephilesdeleau.com\/wp-content\/uploads\/2011\/04\/15.06.26-Camaret-T\u00e9l\u00e9gramme.jpg 1872w\" sizes=\"(max-width: 640px) 100vw, 640px\" \/><\/a><\/p>\n<p>&#8211; Le Tr\u00e9gor du 06 janvier 2011 :<\/p>\n<p><a href=\"https:\/\/www.auxcinephilesdeleau.com\/wp-content\/uploads\/2011\/04\/Tregor-06-01-11.jpg\"><img decoding=\"async\" loading=\"lazy\" title=\"Tregor-06-01-11\" src=\"https:\/\/www.auxcinephilesdeleau.com\/wp-content\/uploads\/2011\/04\/Tregor-06-01-11.jpg\" alt=\"\" width=\"636\" height=\"438\" \/><\/a><\/p>\n<p>&nbsp;<\/p>\n<p>&#8211; Ouest-France du 06 janvier 2011 :<\/p>\n<p><a href=\"https:\/\/www.auxcinephilesdeleau.com\/wp-content\/uploads\/2011\/04\/O-Fr-06-01-11.jpg\"><img decoding=\"async\" loading=\"lazy\" title=\"O-Fr-06-01-11\" src=\"https:\/\/www.auxcinephilesdeleau.com\/wp-content\/uploads\/2011\/04\/O-Fr-06-01-11.jpg\" alt=\"\" width=\"630\" height=\"598\" \/><\/a><\/p>\n<p>&nbsp;<\/p>\n<p>&#8211; Article du T\u00e9l\u00e9gramme paru le 30 novembre 2010 :<\/p>\n<p><a href=\"https:\/\/www.auxcinephilesdeleau.com\/wp-content\/uploads\/2011\/04\/Article-telegramme-du-30-11-101.jpg\"><img decoding=\"async\" loading=\"lazy\" class=\"aligncenter size-full wp-image-457\" title=\"Article-telegramme-du-30-11-10\" src=\"https:\/\/www.auxcinephilesdeleau.com\/wp-content\/uploads\/2011\/04\/Article-telegramme-du-30-11-101.jpg\" alt=\"\" width=\"1343\" height=\"1465\" srcset=\"https:\/\/www.auxcinephilesdeleau.com\/wp-content\/uploads\/2011\/04\/Article-telegramme-du-30-11-101.jpg 1343w, https:\/\/www.auxcinephilesdeleau.com\/wp-content\/uploads\/2011\/04\/Article-telegramme-du-30-11-101-275x300.jpg 275w, https:\/\/www.auxcinephilesdeleau.com\/wp-content\/uploads\/2011\/04\/Article-telegramme-du-30-11-101-938x1024.jpg 938w\" sizes=\"(max-width: 1343px) 100vw, 1343px\" \/><\/a><\/p>\n<p>&nbsp;<\/p>\n<p>&#8211; Ouest-France du 27 novembre 2011 :<\/p>\n<p><a href=\"https:\/\/www.auxcinephilesdeleau.com\/wp-content\/uploads\/2011\/04\/O-Fr-27-11-10.jpg\"><img decoding=\"async\" loading=\"lazy\" class=\"aligncenter size-full wp-image-453\" title=\"O-Fr-27-11-10\" src=\"https:\/\/www.auxcinephilesdeleau.com\/wp-content\/uploads\/2011\/04\/O-Fr-27-11-10.jpg\" alt=\"\" width=\"2179\" height=\"2490\" srcset=\"https:\/\/www.auxcinephilesdeleau.com\/wp-content\/uploads\/2011\/04\/O-Fr-27-11-10.jpg 2179w, https:\/\/www.auxcinephilesdeleau.com\/wp-content\/uploads\/2011\/04\/O-Fr-27-11-10-262x300.jpg 262w, https:\/\/www.auxcinephilesdeleau.com\/wp-content\/uploads\/2011\/04\/O-Fr-27-11-10-896x1024.jpg 896w\" sizes=\"(max-width: 2179px) 100vw, 2179px\" \/><\/a><\/p>\n<p>&nbsp;<\/p>\n<h2><strong>&#8211; Dossier de presse de l&rsquo;Association \u00ab\u00a0Aux cin\u00e9philes de l&rsquo;eau\u00a0\u00bb de 2008-2009 au format PDF<\/strong> :<a href=\"https:\/\/www.auxcinephilesdeleau.com\/wp-content\/uploads\/2011\/04\/dossierpresse-2008-2009.pdf\"> dossierpresse-2008-2009<\/a><\/h2>\n","protected":false},"excerpt":{"rendered":"<p>&#8211; Le T\u00e9l\u00e9gramme du 26 juin 2015 : &#8211; Le Tr\u00e9gor du 06 janvier 2011 : &nbsp; &#8211; Ouest-France du 06 janvier 2011 : &nbsp; &#8211; Article du T\u00e9l\u00e9gramme paru le 30 novembre 2010 : &nbsp; &#8211; Ouest-France du 27 &hellip; <a href=\"https:\/\/www.auxcinephilesdeleau.com\/?page_id=447\">Continuer la lecture <span class=\"meta-nav\">&rarr;<\/span><\/a><\/p>\n","protected":false},"author":3,"featured_media":0,"parent":0,"menu_order":5,"comment_status":"closed","ping_status":"closed","template":"onecolumn-page.php","meta":{"_mi_skip_tracking":false,"_monsterinsights_sitenote_active":false,"_monsterinsights_sitenote_note":"","_monsterinsights_sitenote_category":0,"footnotes":""},"_links":{"self":[{"href":"https:\/\/www.auxcinephilesdeleau.com\/index.php?rest_route=\/wp\/v2\/pages\/447"}],"collection":[{"href":"https:\/\/www.auxcinephilesdeleau.com\/index.php?rest_route=\/wp\/v2\/pages"}],"about":[{"href":"https:\/\/www.auxcinephilesdeleau.com\/index.php?rest_route=\/wp\/v2\/types\/page"}],"author":[{"embeddable":true,"href":"https:\/\/www.auxcinephilesdeleau.com\/index.php?rest_route=\/wp\/v2\/users\/3"}],"replies":[{"embeddable":true,"href":"https:\/\/www.auxcinephilesdeleau.com\/index.php?rest_route=%2Fwp%2Fv2%2Fcomments&post=447"}],"version-history":[{"count":17,"href":"https:\/\/www.auxcinephilesdeleau.com\/index.php?rest_route=\/wp\/v2\/pages\/447\/revisions"}],"predecessor-version":[{"id":1739,"href":"https:\/\/www.auxcinephilesdeleau.com\/index.php?rest_route=\/wp\/v2\/pages\/447\/revisions\/1739"}],"wp:attachment":[{"href":"https:\/\/www.auxcinephilesdeleau.com\/index.php?rest_route=%2Fwp%2Fv2%2Fmedia&parent=447"}],"curies":[{"name":"wp","href":"https:\/\/api.w.org\/{rel}","templated":true}]}}

<p>&#8211; Le Télégramme du 26 juin 2015 :</p>
<p><a href="https://www.auxcinephilesdeleau.com/wp-content/uploads/2011/04/15.06.26-Camaret-Télégramme.jpg"><img decoding="async" loading="lazy" class="aligncenter size-large wp-image-1738" src="https://www.auxcinephilesdeleau.com/wp-content/uploads/2011/04/15.06.26-Camaret-Télégramme-1024x908.jpg" alt="[CHATEAULIN - 26]  TB/SUD/PAGES ... 26/06/15" width="640" height="568" srcset="https://www.auxcinephilesdeleau.com/wp-content/uploads/2011/04/15.06.26-Camaret-Télégramme-1024x908.jpg 1024w, https://www.auxcinephilesdeleau.com/wp-content/uploads/2011/04/15.06.26-Camaret-Télégramme-300x266.jpg 300w, https://www.auxcinephilesdeleau.com/wp-content/uploads/2011/04/15.06.26-Camaret-Télégramme-600x532.jpg 600w, https://www.auxcinephilesdeleau.com/wp-content/uploads/2011/04/15.06.26-Camaret-Télégramme.jpg 1872w" sizes="(max-width: 640px) 100vw, 640px" /></a></p>
<p>&#8211; Le Trégor du 06 janvier 2011 :</p>
<p><a href="https://www.auxcinephilesdeleau.com/wp-content/uploads/2011/04/Tregor-06-01-11.jpg"><img decoding="async" loading="lazy" title="Tregor-06-01-11" src="https://www.auxcinephilesdeleau.com/wp-content/uploads/2011/04/Tregor-06-01-11.jpg" alt="" width="636" height="438" /></a></p>
<p>&nbsp;</p>
<p>&#8211; Ouest-France du 06 janvier 2011 :</p>
<p><a href="https://www.auxcinephilesdeleau.com/wp-content/uploads/2011/04/O-Fr-06-01-11.jpg"><img decoding="async" loading="lazy" title="O-Fr-06-01-11" src="https://www.auxcinephilesdeleau.com/wp-content/uploads/2011/04/O-Fr-06-01-11.jpg" alt="" width="630" height="598" /></a></p>
<p>&nbsp;</p>
<p>&#8211; Article du Télégramme paru le 30 novembre 2010 :</p>
<p><a href="https://www.auxcinephilesdeleau.com/wp-content/uploads/2011/04/Article-telegramme-du-30-11-101.jpg"><img decoding="async" loading="lazy" class="aligncenter size-full wp-image-457" title="Article-telegramme-du-30-11-10" src="https://www.auxcinephilesdeleau.com/wp-content/uploads/2011/04/Article-telegramme-du-30-11-101.jpg" alt="" width="1343" height="1465" srcset="https://www.auxcinephilesdeleau.com/wp-content/uploads/2011/04/Article-telegramme-du-30-11-101.jpg 1343w, https://www.auxcinephilesdeleau.com/wp-content/uploads/2011/04/Article-telegramme-du-30-11-101-275x300.jpg 275w, https://www.auxcinephilesdeleau.com/wp-content/uploads/2011/04/Article-telegramme-du-30-11-101-938x1024.jpg 938w" sizes="(max-width: 1343px) 100vw, 1343px" /></a></p>
<p>&nbsp;</p>
<p>&#8211; Ouest-France du 27 novembre 2011 :</p>
<p><a href="https://www.auxcinephilesdeleau.com/wp-content/uploads/2011/04/O-Fr-27-11-10.jpg"><img decoding="async" loading="lazy" class="aligncenter size-full wp-image-453" title="O-Fr-27-11-10" src="https://www.auxcinephilesdeleau.com/wp-content/uploads/2011/04/O-Fr-27-11-10.jpg" alt="" width="2179" height="2490" srcset="https://www.auxcinephilesdeleau.com/wp-content/uploads/2011/04/O-Fr-27-11-10.jpg 2179w, https://www.auxcinephilesdeleau.com/wp-content/uploads/2011/04/O-Fr-27-11-10-262x300.jpg 262w, https://www.auxcinephilesdeleau.com/wp-content/uploads/2011/04/O-Fr-27-11-10-896x1024.jpg 896w" sizes="(max-width: 2179px) 100vw, 2179px" /></a></p>
<p>&nbsp;</p>
<h2><strong>&#8211; Dossier de presse de l&rsquo;Association « Aux cinéphiles de l&rsquo;eau » de 2008-2009 au format PDF</strong> :<a href="https://www.auxcinephilesdeleau.com/wp-content/uploads/2011/04/dossierpresse-2008-2009.pdf"> dossierpresse-2008-2009</a></h2>

<p>&#8211; Le Télégramme du 26 juin 2015 : &#8211; Le Trégor du 06 janvier 2011 : &nbsp; &#8211; Ouest-France du 06 janvier 2011 : &nbsp; &#8211; Article du Télégramme paru le 30 novembre 2010 : &nbsp; &#8211; Ouest-France du 27 &hellip; <a href="https://www.auxcinephilesdeleau.com/?page_id=447">Continuer la lecture <span class="meta-nav">&rarr;</span></a></p>
