{"id":469,"date":"2011-04-28T10:04:17","date_gmt":"2011-04-28T09:04:17","guid":{"rendered":"http:\/\/www.auxcinephilesdeleau.com\/?page_id=469"},"modified":"2011-05-10T13:49:01","modified_gmt":"2011-05-10T12:49:01","slug":"presentation","status":"publish","type":"page","link":"https:\/\/www.auxcinephilesdeleau.com\/?page_id=469","title":{"rendered":"Pr\u00e9sentation"},"content":{"rendered":"<p style=\"text-align: justify;\"><a href=\"https:\/\/www.auxcinephilesdeleau.com\/wp-content\/uploads\/2011\/04\/clip_image002_0001.jpg\"><img decoding=\"async\" loading=\"lazy\" class=\"aligncenter size-full wp-image-478\" title=\"Evaloa \u00e0 la sortie du port de Pontrieux\" src=\"https:\/\/www.auxcinephilesdeleau.com\/wp-content\/uploads\/2011\/04\/clip_image002_0001.jpg\" alt=\"\" width=\"314\" height=\"255\" srcset=\"https:\/\/www.auxcinephilesdeleau.com\/wp-content\/uploads\/2011\/04\/clip_image002_0001.jpg 402w, https:\/\/www.auxcinephilesdeleau.com\/wp-content\/uploads\/2011\/04\/clip_image002_0001-300x244.jpg 300w\" sizes=\"(max-width: 314px) 100vw, 314px\" \/><\/a>A la base, le projet vient de Yann qui r\u00eave depuis plusieurs ann\u00e9es de partir avec son voilier, loin, tr\u00e8s loin (le tour du monde\u00a0?), d\u00e9couvrir d&rsquo;autres horizons, d&rsquo;autres peuples\u2026<\/p>\n<p style=\"text-align: justify;\">Il a achet\u00e9 le voilier \u00ab\u00a0Evaloa\u00a0\u00bb en avril 2006, et \u00e0 peine mis \u00e0 l&rsquo;eau, il est parti avec une bande de potes r\u00e9unie sous la compagnie \u00ab\u00a0Landroglobe circus\u00a0\u00bb pour pr\u00e9senter un spectacle clownesque, th\u00e9\u00e2tral et musical sur le voilier intitul\u00e9 \u00ab\u00a0L&rsquo;Utopirat\u00e9e\u00a0\u00bb. Ils ont fait un petit tour de Bretagne tout l&rsquo;\u00e9t\u00e9 2006 ( de Pontrieux \u00e0 l&rsquo;\u00eele de Gro\u00eex, en passant par Paimpol, Morlaix, l&rsquo;Aberwrach&rsquo;, Camaret, Morgat, Douarnenez et les \u00eeles Gl\u00e9nans).<\/p>\n<p style=\"text-align: justify;\">De retour \u00e0 Pontrieux apr\u00e8s cette belle exp\u00e9rience, Yann se pose pour commencer la r\u00e9fection du bateau, \u00e7a va durer presque deux ans\u00a0!! Mais bon, il continue \u00e0 vivre, retrouve sa copine partie l&rsquo;ann\u00e9e pass\u00e9e en Pologne et qui maintenant termine son master cin\u00e9ma \u00e0 Rennes. Yann en profite pour faire une formation soudeur \u00e0 Rennes, tout en faisant murir l&rsquo;id\u00e9e de partir avec sa ch\u00e8re et tendre l&rsquo;ann\u00e9e suivante\u2026<\/p>\n<p style=\"text-align: justify;\">Partager le r\u00eave de Yann en partant avec lui en voilier, cela me plaisait beaucoup, j&rsquo;avais envie de voyager apr\u00e8s mes \u00e9tudes, \u00e7a tombait bien, je devais juste trouver une place dans ce projet\u00a0! Comme ma passion, c&rsquo;est le cin\u00e9ma, on s&rsquo;est naturellement pench\u00e9 sur l&rsquo;id\u00e9e de projeter des films au cours de notre voyage\u2026 et pourquoi pas sur le voilier\u00a0? Le bateau-cin\u00e9ma est n\u00e9.<\/p>\n<p><a href=\"https:\/\/www.auxcinephilesdeleau.com\/wp-content\/uploads\/2011\/04\/clip_image004_0001.jpg\"><img decoding=\"async\" loading=\"lazy\" class=\"aligncenter size-full wp-image-480\" title=\"le bateau-cin\u00e9ma \u00e0 Tr\u00e9beurden\" src=\"https:\/\/www.auxcinephilesdeleau.com\/wp-content\/uploads\/2011\/04\/clip_image004_0001.jpg\" alt=\"\" width=\"413\" height=\"310\" srcset=\"https:\/\/www.auxcinephilesdeleau.com\/wp-content\/uploads\/2011\/04\/clip_image004_0001.jpg 633w, https:\/\/www.auxcinephilesdeleau.com\/wp-content\/uploads\/2011\/04\/clip_image004_0001-300x225.jpg 300w\" sizes=\"(max-width: 413px) 100vw, 413px\" \/><\/a><\/p>\n<p style=\"text-align: justify;\">Le projet a germ\u00e9 pendant l&rsquo;ann\u00e9e et j&rsquo;ai commenc\u00e9 \u00e0 travailler dessus \u00e0 la rentr\u00e9e 2007, apr\u00e8s avoir pass\u00e9 ma soutenance. J&rsquo;ai notamment mont\u00e9 un dossier de subvention aupr\u00e8s du Conseil G\u00e9n\u00e9ral et du minist\u00e8re Jeunesse et Sport en vu de l&rsquo;obtention du D\u00e9fi-jeunes.<\/p>\n<p style=\"text-align: justify;\">On a fait un choix pour la programmation\u00a0: nous allons projeter des films des pays qui nous accueillent. Pourquoi ce choix\u00a0?<\/p>\n<p style=\"text-align: justify;\">Il existe certainement plusieurs raisons \u00e0 cela, mais je pense surtout qu&rsquo;il s&rsquo;accompagne avec le choix de partir en Casamance, au S\u00e9n\u00e9gal\u00a0:<\/p>\n<p style=\"text-align: justify;\">En Afrique, le cin\u00e9ma africain est tr\u00e8s peu diffus\u00e9. Beaucoup de salles de cin\u00e9ma ont ferm\u00e9 et les autres diffusent en majorit\u00e9 des superproductions am\u00e9ricaines ou le cin\u00e9ma de Bollywood, tr\u00e8s peu de place donc pour le cin\u00e9ma du pays\u2026<\/p>\n<p style=\"text-align: justify;\">De ce fait, on a eu envie, \u00e0 notre fa\u00e7on, de participer \u00e0 la diffusion du cin\u00e9ma africain sur son continent, en organisant des s\u00e9ances gratuites, soit sur le voilier (l&rsquo;\u00e9cran mont\u00e9 sur le m\u00e2t, le public sur le quai, cf photo), soit dans les villages \u00e0 proximit\u00e9 de la mer.<\/p>\n<p style=\"text-align: justify;\">La Casamance est une r\u00e9gion au Sud Ouest du S\u00e9n\u00e9gal, enclav\u00e9e entre la Guin\u00e9e Bissau et la Gambie. Beaucoup de villages sont difficiles d&rsquo;acc\u00e8s par voie terrestre et n&rsquo;ont pas d&rsquo;\u00e9lectricit\u00e9. C&rsquo;est dans ces villages notamment que nous voulons s\u00e9journer, beaucoup d&rsquo;habitants n&rsquo;auront jamais \u00e9t\u00e9 au cin\u00e9ma. C&rsquo;est \u00e9galement pour cela qu&rsquo;on souhaitait projeter des films de chez eux, pour qu&rsquo;ils puissent s&rsquo;identifier \u00e0 ce qu&rsquo;ils verront et \u00e9changer avec nous leur culture. Nous ne voulions pas arriver et leur montrer le cin\u00e9ma occidental \u00ab\u00a0regarder comme c&rsquo;est bien chez nous\u00a0\u00bb, on est plus dans une id\u00e9e de partage.<\/p>\n<p style=\"text-align: justify;\"><a href=\"https:\/\/www.auxcinephilesdeleau.com\/wp-content\/uploads\/2011\/04\/clip_image006_0001.jpg\"><img decoding=\"async\" loading=\"lazy\" class=\"aligncenter size-full wp-image-481\" title=\"projection \u00e0 Tr\u00e9beurden\" src=\"https:\/\/www.auxcinephilesdeleau.com\/wp-content\/uploads\/2011\/04\/clip_image006_0001.jpg\" alt=\"\" width=\"397\" height=\"298\" srcset=\"https:\/\/www.auxcinephilesdeleau.com\/wp-content\/uploads\/2011\/04\/clip_image006_0001.jpg 605w, https:\/\/www.auxcinephilesdeleau.com\/wp-content\/uploads\/2011\/04\/clip_image006_0001-300x225.jpg 300w\" sizes=\"(max-width: 397px) 100vw, 397px\" \/><\/a><\/p>\n<p style=\"text-align: justify;\">Notre projet \u00e9tant modeste (m\u00eame si on a obtenu des subventions, mais qui sont all\u00e9es dans l&rsquo;achat du mat\u00e9riel de projection et de s\u00e9curit\u00e9 du bateau) et ne se situant pas dans les sch\u00e9mas classiques de distribution de films (les s\u00e9ances seront gratuites), nous ne pouvons pas nous permettre de payer pour chaque projection de film. Ainsi nous demandons \u00e0 chaque r\u00e9alisateur et\/ou producteur l&rsquo;autorisation de projeter leur film \u00e0 titre gracieux, tout en expliquant bien les objectifs de notre projet. C&rsquo;est ainsi que nous avons obtenu les droits pour certains films comme <em>Kirikou <\/em>, <em>Un matin bonne heure <\/em>, <em>Sia, le r\u00eave du Python <\/em>, <em>Bul d\u00e9conn\u00e9 <\/em>ou encore <em>Ma femme est Y\u00e9r\u00e9 <\/em>(cf liste des films). Arriv\u00e9 \u00e0 Ziguinchor en Casamance, nous pourrons \u00e9galement emprunter des films \u00e0 l&rsquo;alliance franco-s\u00e9n\u00e9galaise qui poss\u00e8de plusieurs coffrets de films africains classiques.<\/p>\n<p style=\"text-align: justify;\">&nbsp;<\/p>\n<p style=\"text-align: justify;\">Voil\u00e0 une pr\u00e9sentation br\u00e8ve du projet, avant le d\u00e9part pour plus de pr\u00e9cisions je vous renvoie vers notre dossier de pr\u00e9sentation ci-dessous : <a href=\"https:\/\/www.auxcinephilesdeleau.com\/wp-content\/uploads\/2011\/04\/pr\u00e9sentation-du-projet-avt-depart.pdf\">pr\u00e9sentation du projet avt depart<\/a><\/p>\n<p style=\"text-align: justify;\">Il a \u00e9t\u00e9 r\u00e9alis\u00e9 avant le d\u00e9part au d\u00e9but de l&rsquo;ann\u00e9e 2008 donc forc\u00e9ment, on \u00e9tait l\u00e0 dans l&rsquo;id\u00e9e et dans le concret, les \u00e9v\u00e8nements ne se sont pas exactement d\u00e9roul\u00e9s ainsi (comme le respect des dates ou des lieux visit\u00e9s), mais cela vous donnera quand m\u00eame une bonne approche du projet. Pour savoir comment c&rsquo;est r\u00e9ellement pass\u00e9 le projet, qui a finalement dur\u00e9 de l&rsquo;\u00e9t\u00e9 2008 \u00e0 l&rsquo;\u00e9t\u00e9 2009, je vous renvoie au journal de bord, qui retrace tout notre voyage !<\/p>\n","protected":false},"excerpt":{"rendered":"<p>A la base, le projet vient de Yann qui r\u00eave depuis plusieurs ann\u00e9es de partir avec son voilier, loin, tr\u00e8s loin (le tour du monde\u00a0?), d\u00e9couvrir d&rsquo;autres horizons, d&rsquo;autres peuples\u2026 Il a achet\u00e9 le voilier \u00ab\u00a0Evaloa\u00a0\u00bb en avril 2006, et &hellip; <a href=\"https:\/\/www.auxcinephilesdeleau.com\/?page_id=469\">Continuer la lecture <span class=\"meta-nav\">&rarr;<\/span><\/a><\/p>\n","protected":false},"author":3,"featured_media":0,"parent":102,"menu_order":0,"comment_status":"closed","ping_status":"closed","template":"onecolumn-page.php","meta":{"_mi_skip_tracking":false,"_monsterinsights_sitenote_active":false,"_monsterinsights_sitenote_note":"","_monsterinsights_sitenote_category":0,"footnotes":""},"_links":{"self":[{"href":"https:\/\/www.auxcinephilesdeleau.com\/index.php?rest_route=\/wp\/v2\/pages\/469"}],"collection":[{"href":"https:\/\/www.auxcinephilesdeleau.com\/index.php?rest_route=\/wp\/v2\/pages"}],"about":[{"href":"https:\/\/www.auxcinephilesdeleau.com\/index.php?rest_route=\/wp\/v2\/types\/page"}],"author":[{"embeddable":true,"href":"https:\/\/www.auxcinephilesdeleau.com\/index.php?rest_route=\/wp\/v2\/users\/3"}],"replies":[{"embeddable":true,"href":"https:\/\/www.auxcinephilesdeleau.com\/index.php?rest_route=%2Fwp%2Fv2%2Fcomments&post=469"}],"version-history":[{"count":7,"href":"https:\/\/www.auxcinephilesdeleau.com\/index.php?rest_route=\/wp\/v2\/pages\/469\/revisions"}],"predecessor-version":[{"id":1033,"href":"https:\/\/www.auxcinephilesdeleau.com\/index.php?rest_route=\/wp\/v2\/pages\/469\/revisions\/1033"}],"up":[{"embeddable":true,"href":"https:\/\/www.auxcinephilesdeleau.com\/index.php?rest_route=\/wp\/v2\/pages\/102"}],"wp:attachment":[{"href":"https:\/\/www.auxcinephilesdeleau.com\/index.php?rest_route=%2Fwp%2Fv2%2Fmedia&parent=469"}],"curies":[{"name":"wp","href":"https:\/\/api.w.org\/{rel}","templated":true}]}}