{"id":472,"date":"2011-04-28T18:27:19","date_gmt":"2011-04-28T17:27:19","guid":{"rendered":"http:\/\/www.auxcinephilesdeleau.com\/?page_id=472"},"modified":"2014-03-02T19:19:44","modified_gmt":"2014-03-02T18:19:44","slug":"date-des-projections","status":"publish","type":"page","link":"https:\/\/www.auxcinephilesdeleau.com\/?page_id=472","title":{"rendered":"Le film et les projections"},"content":{"rendered":"<p>&nbsp;<\/p>\n<h3><span style=\"color: #ff00ff;\"><strong>Vous avez vu notre film ? Laissez un commentaire en fin de page&#8230;<\/strong><\/span><\/h3>\n<p><strong><br \/>\n<\/strong><\/p>\n<h2 style=\"text-align: center;\">Diffusion du film \u00ab\u00a0Le bateau-cin\u00e9ma, de Bretagne en Casamance\u00a0\u00bb<\/h2>\n<p><a href=\"https:\/\/www.auxcinephilesdeleau.com\/wp-content\/uploads\/2011\/04\/jaquette1.jpg\"><img decoding=\"async\" loading=\"lazy\" class=\"aligncenter size-full wp-image-473\" title=\"jaquette\" alt=\"\" src=\"https:\/\/www.auxcinephilesdeleau.com\/wp-content\/uploads\/2011\/04\/jaquette1.jpg\" width=\"1820\" height=\"1225\" srcset=\"https:\/\/www.auxcinephilesdeleau.com\/wp-content\/uploads\/2011\/04\/jaquette1.jpg 1820w, https:\/\/www.auxcinephilesdeleau.com\/wp-content\/uploads\/2011\/04\/jaquette1-300x201.jpg 300w, https:\/\/www.auxcinephilesdeleau.com\/wp-content\/uploads\/2011\/04\/jaquette1-1024x689.jpg 1024w\" sizes=\"(max-width: 1820px) 100vw, 1820px\" \/><\/a><\/p>\n<p>&nbsp;<\/p>\n<p>&nbsp;<\/p>\n<p><em><strong>Anciennes diffusions :<\/strong><\/em><\/p>\n<p><em><strong> <\/strong><\/em>&#8211; Le samedi 04 f\u00e9vrier 2012 \u00e0 l&rsquo;occasion du 13\u00e8me festival du voyageur amateur au Mans<\/p>\n<p>&#8211; Le vendredi 02 d\u00e9cembre \u00e0 Rouen pour une soir\u00e9e organis\u00e9e par ABM<\/p>\n<p>&#8211; Le mardi 29 novembre 2011 \u00e0 la P\u00e9niche-spectacle \u00e0 Rennes<\/p>\n<p>&#8211; Le 20 et 21 octobre 2011 \u00e0 l&rsquo;occasion du festival <a title=\"Le Grand Bivouac : festival du voyage et des d\u00e9couvertes partag\u00e9es\" href=\"http:\/\/www.grandbivouac.com\/\" target=\"_blank\">\u00ab\u00a0Le Grand Bivouac\u00a0\u00bb<\/a> \u00e0 Albertville<\/p>\n<p>&#8211; Le samedi 1er octobre 2011 \u00e0 15h, au <a title=\"festival de l'image \u00e0 St Val\u00e9ry en Caux\" href=\"http:\/\/www.festival-image.org\" target=\"_blank\">festival de l&rsquo;image <\/a>\u00e0 St Val\u00e9ry en Caux (76) :<span style=\"color: #ff0000;\"> <em><strong>Prix sp\u00e9cial du jury<\/strong><\/em><\/span><\/p>\n<p>&#8211; 2 ou 3 juillet 2011 : A Saint-Hilaire-du-Maine (53) \u00e0 l&rsquo;occasion de <a title=\"le salon de l\u2019environnement et du d\u00e9veloppement durable en Mayenne\" href=\"http:\/\/www.planete-en-fete.fr\" target=\"_blank\">\u00ab\u00a0Plan\u00e8te en f\u00eate\u00a0\u00bb<\/a>, le salon de l&rsquo;environnement et du d\u00e9veloppement durable en Mayenne<\/p>\n<p>&#8211; Le 07 juin 2011 \u00e0 20h30 : Au site du Palacret \u00e0 Saint Laurent (\u00e0 c\u00f4t\u00e9 de Guingamp &#8211; 22)<\/p>\n<p>&#8211; Le 10 mai 2011 : A l&rsquo;alliance franco-s\u00e9n\u00e9galaise \u00e0 Ziguinchor (S\u00e9n\u00e9gal)<\/p>\n<p>&#8211; Le 3 avril 2011 \u00e0 18h15 \u00e0 Paris, \u00e0 l&rsquo;occasion du <a title=\"festival Partir Autrement\" href=\"http:\/\/www.abm.fr\/le-festival-partir-autrement\/programme-2011\/\" target=\"_blank\">Festival Partir autrement<\/a><\/p>\n<p>&#8211; Le 06 f\u00e9vrier 2011 \u00e0 14h50 \u00e0 Chartes de Bretagne (35), \u00e0 l&rsquo;occasion du <a title=\"festival Aux 4 coins du monde\" href=\"http:\/\/www.aux4coinsdumonde.fr\/\" target=\"_blank\">festival Aux 4 coins du monde<\/a><\/p>\n<p>&#8211; Le 30 janvier 2011 \u00e0 17h au cin\u00e9ma Le Vox \u00e0 Mayenne (53)<\/p>\n<p>&#8211; Le 06 janvier 2011 \u00e0 21h au Th\u00e9odore Caf\u00e9 \u00e0 Tredrez-Locqu\u00e9meau (22)<\/p>\n<p>&#8211; Le 16 d\u00e9cembre 2010 \u00e0 21h au bar Le Pixies \u00e0 Lannion (22)<\/p>\n<p>&#8211; Le 09 d\u00e9cembre 2010 \u00e0 21h \u00e0 la salle des f\u00eates de Pontrieux (22) pour la sortie du film<\/p>\n<p>&#8211; Le dimanche 04 mars 2011 \u00e0 15h,\u00a0 \u00e0 Saint Herblain (44), \u00e0 l&rsquo;occasion des Rencontres de l&rsquo;aventure 2012, organis\u00e9 par ABM Nantes<\/p>\n<p>&#8211; Le samedi 17 mars 2011 \u00e0 15h15, \u00e0 Rennes, \u00e0 l&rsquo;occasion du festival \u00ab\u00a0Terra Scala\u00a0\u00bb, organis\u00e9 par ABM de Rennes<\/p>\n<p>&#8211; Et plein d&rsquo;autres par la suite&#8230;<\/p>\n<p>&nbsp;<\/p>\n<p><em><strong>\u00a0<\/strong><\/em><\/p>\n","protected":false},"excerpt":{"rendered":"<p>&nbsp; Vous avez vu notre film ? Laissez un commentaire en fin de page&#8230; Diffusion du film \u00ab\u00a0Le bateau-cin\u00e9ma, de Bretagne en Casamance\u00a0\u00bb &nbsp; &nbsp; Anciennes diffusions : &#8211; Le samedi 04 f\u00e9vrier 2012 \u00e0 l&rsquo;occasion du 13\u00e8me festival du &hellip; <a href=\"https:\/\/www.auxcinephilesdeleau.com\/?page_id=472\">Continuer la lecture <span class=\"meta-nav\">&rarr;<\/span><\/a><\/p>\n","protected":false},"author":3,"featured_media":0,"parent":0,"menu_order":4,"comment_status":"open","ping_status":"closed","template":"onecolumn-page.php","meta":{"_mi_skip_tracking":false,"_monsterinsights_sitenote_active":false,"_monsterinsights_sitenote_note":"","_monsterinsights_sitenote_category":0,"footnotes":""},"_links":{"self":[{"href":"https:\/\/www.auxcinephilesdeleau.com\/index.php?rest_route=\/wp\/v2\/pages\/472"}],"collection":[{"href":"https:\/\/www.auxcinephilesdeleau.com\/index.php?rest_route=\/wp\/v2\/pages"}],"about":[{"href":"https:\/\/www.auxcinephilesdeleau.com\/index.php?rest_route=\/wp\/v2\/types\/page"}],"author":[{"embeddable":true,"href":"https:\/\/www.auxcinephilesdeleau.com\/index.php?rest_route=\/wp\/v2\/users\/3"}],"replies":[{"embeddable":true,"href":"https:\/\/www.auxcinephilesdeleau.com\/index.php?rest_route=%2Fwp%2Fv2%2Fcomments&post=472"}],"version-history":[{"count":18,"href":"https:\/\/www.auxcinephilesdeleau.com\/index.php?rest_route=\/wp\/v2\/pages\/472\/revisions"}],"predecessor-version":[{"id":1437,"href":"https:\/\/www.auxcinephilesdeleau.com\/index.php?rest_route=\/wp\/v2\/pages\/472\/revisions\/1437"}],"wp:attachment":[{"href":"https:\/\/www.auxcinephilesdeleau.com\/index.php?rest_route=%2Fwp%2Fv2%2Fmedia&parent=472"}],"curies":[{"name":"wp","href":"https:\/\/api.w.org\/{rel}","templated":true}]}}

<p>&nbsp;</p>
<h3><span style="color: #ff00ff;"><strong>Vous avez vu notre film ? Laissez un commentaire en fin de page&#8230;</strong></span></h3>
<p><strong><br />
</strong></p>
<h2 style="text-align: center;">Diffusion du film « Le bateau-cinéma, de Bretagne en Casamance »</h2>
<p><a href="https://www.auxcinephilesdeleau.com/wp-content/uploads/2011/04/jaquette1.jpg"><img decoding="async" loading="lazy" class="aligncenter size-full wp-image-473" title="jaquette" alt="" src="https://www.auxcinephilesdeleau.com/wp-content/uploads/2011/04/jaquette1.jpg" width="1820" height="1225" srcset="https://www.auxcinephilesdeleau.com/wp-content/uploads/2011/04/jaquette1.jpg 1820w, https://www.auxcinephilesdeleau.com/wp-content/uploads/2011/04/jaquette1-300x201.jpg 300w, https://www.auxcinephilesdeleau.com/wp-content/uploads/2011/04/jaquette1-1024x689.jpg 1024w" sizes="(max-width: 1820px) 100vw, 1820px" /></a></p>
<p>&nbsp;</p>
<p>&nbsp;</p>
<p><em><strong>Anciennes diffusions :</strong></em></p>
<p><em><strong> </strong></em>&#8211; Le samedi 04 février 2012 à l&rsquo;occasion du 13ème festival du voyageur amateur au Mans</p>
<p>&#8211; Le vendredi 02 décembre à Rouen pour une soirée organisée par ABM</p>
<p>&#8211; Le mardi 29 novembre 2011 à la Péniche-spectacle à Rennes</p>
<p>&#8211; Le 20 et 21 octobre 2011 à l&rsquo;occasion du festival <a title="Le Grand Bivouac : festival du voyage et des découvertes partagées" href="http://www.grandbivouac.com/" target="_blank">« Le Grand Bivouac »</a> à Albertville</p>
<p>&#8211; Le samedi 1er octobre 2011 à 15h, au <a title="festival de l'image à St Valéry en Caux" href="http://www.festival-image.org" target="_blank">festival de l&rsquo;image </a>à St Valéry en Caux (76) :<span style="color: #ff0000;"> <em><strong>Prix spécial du jury</strong></em></span></p>
<p>&#8211; 2 ou 3 juillet 2011 : A Saint-Hilaire-du-Maine (53) à l&rsquo;occasion de <a title="le salon de l’environnement et du développement durable en Mayenne" href="http://www.planete-en-fete.fr" target="_blank">« Planète en fête »</a>, le salon de l&rsquo;environnement et du développement durable en Mayenne</p>
<p>&#8211; Le 07 juin 2011 à 20h30 : Au site du Palacret à Saint Laurent (à côté de Guingamp &#8211; 22)</p>
<p>&#8211; Le 10 mai 2011 : A l&rsquo;alliance franco-sénégalaise à Ziguinchor (Sénégal)</p>
<p>&#8211; Le 3 avril 2011 à 18h15 à Paris, à l&rsquo;occasion du <a title="festival Partir Autrement" href="http://www.abm.fr/le-festival-partir-autrement/programme-2011/" target="_blank">Festival Partir autrement</a></p>
<p>&#8211; Le 06 février 2011 à 14h50 à Chartes de Bretagne (35), à l&rsquo;occasion du <a title="festival Aux 4 coins du monde" href="http://www.aux4coinsdumonde.fr/" target="_blank">festival Aux 4 coins du monde</a></p>
<p>&#8211; Le 30 janvier 2011 à 17h au cinéma Le Vox à Mayenne (53)</p>
<p>&#8211; Le 06 janvier 2011 à 21h au Théodore Café à Tredrez-Locquémeau (22)</p>
<p>&#8211; Le 16 décembre 2010 à 21h au bar Le Pixies à Lannion (22)</p>
<p>&#8211; Le 09 décembre 2010 à 21h à la salle des fêtes de Pontrieux (22) pour la sortie du film</p>
<p>&#8211; Le dimanche 04 mars 2011 à 15h,  à Saint Herblain (44), à l&rsquo;occasion des Rencontres de l&rsquo;aventure 2012, organisé par ABM Nantes</p>
<p>&#8211; Le samedi 17 mars 2011 à 15h15, à Rennes, à l&rsquo;occasion du festival « Terra Scala », organisé par ABM de Rennes</p>
<p>&#8211; Et plein d&rsquo;autres par la suite&#8230;</p>
<p>&nbsp;</p>
<p><em><strong> </strong></em></p>

<p>&nbsp; Vous avez vu notre film ? Laissez un commentaire en fin de page&#8230; Diffusion du film « Le bateau-cinéma, de Bretagne en Casamance » &nbsp; &nbsp; Anciennes diffusions : &#8211; Le samedi 04 février 2012 à l&rsquo;occasion du 13ème festival du &hellip; <a href="https://www.auxcinephilesdeleau.com/?page_id=472">Continuer la lecture <span class="meta-nav">&rarr;</span></a></p>
