{"id":486,"date":"2011-04-28T19:14:48","date_gmt":"2011-04-28T18:14:48","guid":{"rendered":"http:\/\/www.auxcinephilesdeleau.com\/?page_id=486"},"modified":"2011-05-10T13:49:17","modified_gmt":"2011-05-10T12:49:17","slug":"tournee-de-projections-de-films-en-cotes-darmor-avril-2008","status":"publish","type":"page","link":"https:\/\/www.auxcinephilesdeleau.com\/?page_id=486","title":{"rendered":"Tourn\u00e9e bretonne &#8211; 2008"},"content":{"rendered":"<p><a href=\"https:\/\/www.auxcinephilesdeleau.com\/wp-content\/uploads\/2011\/04\/depliant-recto-copie.jpg\"><img decoding=\"async\" loading=\"lazy\" class=\"aligncenter size-full wp-image-489\" title=\"depliant recto \" src=\"https:\/\/www.auxcinephilesdeleau.com\/wp-content\/uploads\/2011\/04\/depliant-recto-copie.jpg\" alt=\"\" width=\"841\" height=\"595\" srcset=\"https:\/\/www.auxcinephilesdeleau.com\/wp-content\/uploads\/2011\/04\/depliant-recto-copie.jpg 841w, https:\/\/www.auxcinephilesdeleau.com\/wp-content\/uploads\/2011\/04\/depliant-recto-copie-300x212.jpg 300w\" sizes=\"(max-width: 841px) 100vw, 841px\" \/><\/a><\/p>\n<p><a href=\"https:\/\/www.auxcinephilesdeleau.com\/wp-content\/uploads\/2011\/04\/Verso-copie.jpg\"><img decoding=\"async\" loading=\"lazy\" class=\"aligncenter size-full wp-image-491\" title=\"depliant verso \" src=\"https:\/\/www.auxcinephilesdeleau.com\/wp-content\/uploads\/2011\/04\/Verso-copie.jpg\" alt=\"\" width=\"841\" height=\"595\" srcset=\"https:\/\/www.auxcinephilesdeleau.com\/wp-content\/uploads\/2011\/04\/Verso-copie.jpg 841w, https:\/\/www.auxcinephilesdeleau.com\/wp-content\/uploads\/2011\/04\/Verso-copie-300x212.jpg 300w\" sizes=\"(max-width: 841px) 100vw, 841px\" \/><\/a><\/p>\n<h3 style=\"text-align: center;\">Tourn\u00e9e de projections de films sur le voilier \u00ab\u00a0Evaloa\u00a0\u00bb pendant les vacances de P\u00e2ques 2008 :<\/h3>\n<p><a href=\"https:\/\/www.auxcinephilesdeleau.com\/wp-content\/uploads\/2011\/04\/006-bateau-cin\u00e9+nous.jpg\"><img decoding=\"async\" loading=\"lazy\" class=\"aligncenter size-full wp-image-496\" title=\"bateau-cin\u00e9 + nous\" src=\"https:\/\/www.auxcinephilesdeleau.com\/wp-content\/uploads\/2011\/04\/006-bateau-cin\u00e9+nous.jpg\" alt=\"\" width=\"341\" height=\"255\" srcset=\"https:\/\/www.auxcinephilesdeleau.com\/wp-content\/uploads\/2011\/04\/006-bateau-cin\u00e9+nous.jpg 1600w, https:\/\/www.auxcinephilesdeleau.com\/wp-content\/uploads\/2011\/04\/006-bateau-cin\u00e9+nous-300x225.jpg 300w, https:\/\/www.auxcinephilesdeleau.com\/wp-content\/uploads\/2011\/04\/006-bateau-cin\u00e9+nous-1024x768.jpg 1024w\" sizes=\"(max-width: 341px) 100vw, 341px\" \/><\/a><\/p>\n<h2 style=\"text-align: center;\"><strong>PROGRAMME<\/strong><\/h2>\n<p><strong>\u2022\u00a0Le vendredi 11 avril 2008 au port de Dahou\u00ebt \u00e0 Pl\u00e9neuf-Val-Andr\u00e9,\u00a0\u00e0 21h : <\/strong><\/p>\n<p>Projection du film franco-guin\u00e9en \u00ab\u00a0Un matin bonne heure\u00a0\u00bb de Gahit\u00e9 Fofana (75min) :<\/p>\n<p><a href=\"https:\/\/www.auxcinephilesdeleau.com\/wp-content\/uploads\/2011\/04\/Unmatinbonneheuren\u00ba2.jpg\"><img decoding=\"async\" loading=\"lazy\" class=\"size-full wp-image-497 alignleft\" title=\"Unmatinbonneheuren\u00ba2\" src=\"https:\/\/www.auxcinephilesdeleau.com\/wp-content\/uploads\/2011\/04\/Unmatinbonneheuren\u00ba2.jpg\" alt=\"\" width=\"190\" height=\"138\" \/><\/a><\/p>\n<p style=\"text-align: justify;\">Deux adolescents fl\u00e2nent dans les rues de Conakry \u00e0 la recherche de petits boulots, tout en r\u00eavant d&rsquo;un avenir meilleur. Ils d\u00e9cident de pr\u00e9parer leur d\u00e9part pour l&rsquo;Occident, un monde imposant et anonyme qu&rsquo;ils admirent tant\u2026<\/p>\n<p>On d\u00e9couvre leur entourage, galerie de personnages durcis par la vie. Les jours passent mais rien ne bouge. Gahit\u00e9 Fofana saisit admirablement ces moment suspendus, il honore cette Afrique qui n&rsquo;est pas image touristique mais rythme de vie, de sons et de couleurs.<\/p>\n<p style=\"text-align: justify;\"><a href=\"https:\/\/www.auxcinephilesdeleau.com\/wp-content\/uploads\/2011\/04\/presentation2.jpg\"><img decoding=\"async\" loading=\"lazy\" class=\"size-full wp-image-498 alignright\" title=\"presentation2\" src=\"https:\/\/www.auxcinephilesdeleau.com\/wp-content\/uploads\/2011\/04\/presentation2.jpg\" alt=\"\" width=\"341\" height=\"255\" srcset=\"https:\/\/www.auxcinephilesdeleau.com\/wp-content\/uploads\/2011\/04\/presentation2.jpg 448w, https:\/\/www.auxcinephilesdeleau.com\/wp-content\/uploads\/2011\/04\/presentation2-300x224.jpg 300w\" sizes=\"(max-width: 341px) 100vw, 341px\" \/><\/a><\/p>\n<p>&nbsp;<\/p>\n<p><em>En cas d&rsquo;intemp\u00e9rie, la projection se fera dans le hangar de la Pauline au Port de Dahou\u00ebt.<\/em><\/p>\n<p>&nbsp;<\/p>\n<p>&nbsp;<\/p>\n<p>&nbsp;<\/p>\n<p><strong>\u2022\u00a0Le vendredi 18 avril 2008 au port de Binic,\u00a0\u00e0 21h : <\/strong><\/p>\n<p>Projection du documentaire breton sur la p\u00eache artisanale \u00ab\u00a0\u00c0 l&rsquo;Ouest\u00a0\u00bb, de S\u00e9verine Vermersch (40 min) + courts-m\u00e9trages produits par Tr\u00e9gor Vid\u00e9o.<\/p>\n<p><a href=\"https:\/\/www.auxcinephilesdeleau.com\/wp-content\/uploads\/2011\/04\/alouest1.jpg\"><img decoding=\"async\" loading=\"lazy\" class=\"alignleft size-full wp-image-499\" title=\"alouest1\" src=\"https:\/\/www.auxcinephilesdeleau.com\/wp-content\/uploads\/2011\/04\/alouest1.jpg\" alt=\"\" width=\"222\" height=\"174\" srcset=\"https:\/\/www.auxcinephilesdeleau.com\/wp-content\/uploads\/2011\/04\/alouest1.jpg 366w, https:\/\/www.auxcinephilesdeleau.com\/wp-content\/uploads\/2011\/04\/alouest1-300x236.jpg 300w\" sizes=\"(max-width: 222px) 100vw, 222px\" \/><\/a><\/p>\n<p style=\"text-align: justify;\">\u00ab\u00a0En septembre 2005, j&rsquo;ai embarqu\u00e9, seule femme parmi 5 hommes, sur le V\u00e9ronika ; et pendant 15 jours, le temps d&rsquo;une mar\u00e9e, j&rsquo;ai film\u00e9 son \u00e9quipage.<br \/>\nLeurs mots d&rsquo;amour, leurs angoisses, leur bonheur sur l&rsquo;eau ; leurs fous rires, les blagues triviales et un romantisme de midinettes ; les r\u00e9cits de naufrages, quelques d\u00e9ferlantes, les siestes sur le pont, les plongeons depuis la tourelle\u2026\u00a0\u00bb S\u00e9verine Vermersch<\/p>\n<p style=\"text-align: justify;\"><em>En cas d&rsquo;intemp\u00e9rie, la projection se fera dans la salle de l&rsquo;Estran de Binic.<\/em><\/p>\n<p style=\"text-align: justify;\"><em><br \/>\n<\/em><\/p>\n<p><strong>\u2022\u00a0Le mercredi 23 avril 2008 au port de Tr\u00e9beurden, \u00e0 21h\u00a0:<\/strong><\/p>\n<p style=\"text-align: justify;\"><a href=\"https:\/\/www.auxcinephilesdeleau.com\/wp-content\/uploads\/2011\/04\/Unmatinbonneheuren\u00ba1.jpg\"><img decoding=\"async\" loading=\"lazy\" class=\"alignright size-full wp-image-500\" title=\"Unmatinbonneheuren\u00ba1\" src=\"https:\/\/www.auxcinephilesdeleau.com\/wp-content\/uploads\/2011\/04\/Unmatinbonneheuren\u00ba1.jpg\" alt=\"\" width=\"287\" height=\"191\" srcset=\"https:\/\/www.auxcinephilesdeleau.com\/wp-content\/uploads\/2011\/04\/Unmatinbonneheuren\u00ba1.jpg 555w, https:\/\/www.auxcinephilesdeleau.com\/wp-content\/uploads\/2011\/04\/Unmatinbonneheuren\u00ba1-300x200.jpg 300w\" sizes=\"(max-width: 287px) 100vw, 287px\" \/><\/a>Projection du film franco-guin\u00e9en \u00ab\u00a0Un matin bonne heure\u00a0\u00bb de Gahit\u00e9 Fofana (75min).<\/p>\n<p style=\"text-align: justify;\"><em>En cas d&rsquo;intemp\u00e9rie, la projection se fera \u00e0 la salle de la CCAS au port de Tr\u00e9beurden.<\/em><\/p>\n<p style=\"text-align: justify;\">&nbsp;<\/p>\n<p style=\"text-align: justify;\"><em><br \/>\n<\/em><\/p>\n<p style=\"text-align: justify;\"><strong>\u2022\u00a0Le samedi 26 avril 2008 au port de Paimpol, \u00e0 21h\u00a0: <\/strong><\/p>\n<p>Projection du documentaire breton sur la p\u00eache artisanale \u00ab\u00a0\u00c0 l&rsquo;Ouest\u00a0\u00bb, de S\u00e9verine Vermersch (40 min) + 2 courts m\u00e9trages produits par Tr\u00e9gor Vid\u00e9o.<\/p>\n<p style=\"text-align: justify;\"><a href=\"https:\/\/www.auxcinephilesdeleau.com\/wp-content\/uploads\/2011\/04\/o.f.28avril08.jpg\"><img decoding=\"async\" loading=\"lazy\" class=\"alignleft size-full wp-image-501\" title=\"DSC_0515.JPG\" src=\"https:\/\/www.auxcinephilesdeleau.com\/wp-content\/uploads\/2011\/04\/o.f.28avril08.jpg\" alt=\"\" width=\"252\" height=\"168\" srcset=\"https:\/\/www.auxcinephilesdeleau.com\/wp-content\/uploads\/2011\/04\/o.f.28avril08.jpg 650w, https:\/\/www.auxcinephilesdeleau.com\/wp-content\/uploads\/2011\/04\/o.f.28avril08-300x200.jpg 300w\" sizes=\"(max-width: 252px) 100vw, 252px\" \/><\/a><\/p>\n<p style=\"text-align: justify;\">La projection sera suivie d&rsquo;un d\u00e9bat, EN PRESENCE DE LA REALISATRICE, S\u00e9verine Vermersch.<\/p>\n<p style=\"text-align: justify;\">&nbsp;<\/p>\n<p style=\"text-align: justify;\">&nbsp;<\/p>\n<p style=\"text-align: justify;\">&nbsp;<\/p>\n<p style=\"text-align: justify;\"><em>Toutes les projections seront gratuites et commenceront \u00e0 la tomb\u00e9e de la nuit, vers 21h. <\/em><\/p>\n<p><em>Vin chaud vendu sur place avant la s\u00e9ance. <\/em><\/p>\n<p><em>Pr\u00e9voir un v\u00eatement chaud. <\/em><\/p>\n<p>Cette tourn\u00e9e est organis\u00e9e par l&rsquo;association \u00ab\u00a0Aux cin\u00e9philes de l&rsquo;eau\u00a0\u00bb qui, avec son cin\u00e9ma itin\u00e9rant sur voilier, diffusera des films africains en Casamance.<\/p>\n<p>Avec l&rsquo;aide technique d&rsquo;ACS 22 multim\u00e9dia et l&rsquo;aide financi\u00e8re du conseil g\u00e9n\u00e9ral des C\u00f4tes d&rsquo;Armor.<\/p>\n<p style=\"text-align: justify;\">&nbsp;<\/p>\n<p style=\"text-align: justify;\">&nbsp;<\/p>\n<p style=\"text-align: justify;\">&nbsp;<\/p>\n","protected":false},"excerpt":{"rendered":"<p>Tourn\u00e9e de projections de films sur le voilier \u00ab\u00a0Evaloa\u00a0\u00bb pendant les vacances de P\u00e2ques 2008 : PROGRAMME \u2022\u00a0Le vendredi 11 avril 2008 au port de Dahou\u00ebt \u00e0 Pl\u00e9neuf-Val-Andr\u00e9,\u00a0\u00e0 21h : Projection du film franco-guin\u00e9en \u00ab\u00a0Un matin bonne heure\u00a0\u00bb de Gahit\u00e9 &hellip; <a href=\"https:\/\/www.auxcinephilesdeleau.com\/?page_id=486\">Continuer la lecture <span class=\"meta-nav\">&rarr;<\/span><\/a><\/p>\n","protected":false},"author":3,"featured_media":0,"parent":102,"menu_order":2,"comment_status":"closed","ping_status":"closed","template":"onecolumn-page.php","meta":{"_mi_skip_tracking":false,"_monsterinsights_sitenote_active":false,"_monsterinsights_sitenote_note":"","_monsterinsights_sitenote_category":0,"footnotes":""},"_links":{"self":[{"href":"https:\/\/www.auxcinephilesdeleau.com\/index.php?rest_route=\/wp\/v2\/pages\/486"}],"collection":[{"href":"https:\/\/www.auxcinephilesdeleau.com\/index.php?rest_route=\/wp\/v2\/pages"}],"about":[{"href":"https:\/\/www.auxcinephilesdeleau.com\/index.php?rest_route=\/wp\/v2\/types\/page"}],"author":[{"embeddable":true,"href":"https:\/\/www.auxcinephilesdeleau.com\/index.php?rest_route=\/wp\/v2\/users\/3"}],"replies":[{"embeddable":true,"href":"https:\/\/www.auxcinephilesdeleau.com\/index.php?rest_route=%2Fwp%2Fv2%2Fcomments&post=486"}],"version-history":[{"count":10,"href":"https:\/\/www.auxcinephilesdeleau.com\/index.php?rest_route=\/wp\/v2\/pages\/486\/revisions"}],"predecessor-version":[{"id":1034,"href":"https:\/\/www.auxcinephilesdeleau.com\/index.php?rest_route=\/wp\/v2\/pages\/486\/revisions\/1034"}],"up":[{"embeddable":true,"href":"https:\/\/www.auxcinephilesdeleau.com\/index.php?rest_route=\/wp\/v2\/pages\/102"}],"wp:attachment":[{"href":"https:\/\/www.auxcinephilesdeleau.com\/index.php?rest_route=%2Fwp%2Fv2%2Fmedia&parent=486"}],"curies":[{"name":"wp","href":"https:\/\/api.w.org\/{rel}","templated":true}]}}

Tournée bretonne &#8211; 2008

<p><a href="https://www.auxcinephilesdeleau.com/wp-content/uploads/2011/04/depliant-recto-copie.jpg"><img decoding="async" loading="lazy" class="aligncenter size-full wp-image-489" title="depliant recto " src="https://www.auxcinephilesdeleau.com/wp-content/uploads/2011/04/depliant-recto-copie.jpg" alt="" width="841" height="595" srcset="https://www.auxcinephilesdeleau.com/wp-content/uploads/2011/04/depliant-recto-copie.jpg 841w, https://www.auxcinephilesdeleau.com/wp-content/uploads/2011/04/depliant-recto-copie-300x212.jpg 300w" sizes="(max-width: 841px) 100vw, 841px" /></a></p>
<p><a href="https://www.auxcinephilesdeleau.com/wp-content/uploads/2011/04/Verso-copie.jpg"><img decoding="async" loading="lazy" class="aligncenter size-full wp-image-491" title="depliant verso " src="https://www.auxcinephilesdeleau.com/wp-content/uploads/2011/04/Verso-copie.jpg" alt="" width="841" height="595" srcset="https://www.auxcinephilesdeleau.com/wp-content/uploads/2011/04/Verso-copie.jpg 841w, https://www.auxcinephilesdeleau.com/wp-content/uploads/2011/04/Verso-copie-300x212.jpg 300w" sizes="(max-width: 841px) 100vw, 841px" /></a></p>
<h3 style="text-align: center;">Tournée de projections de films sur le voilier « Evaloa » pendant les vacances de Pâques 2008 :</h3>
<p><a href="https://www.auxcinephilesdeleau.com/wp-content/uploads/2011/04/006-bateau-ciné+nous.jpg"><img decoding="async" loading="lazy" class="aligncenter size-full wp-image-496" title="bateau-ciné + nous" src="https://www.auxcinephilesdeleau.com/wp-content/uploads/2011/04/006-bateau-ciné+nous.jpg" alt="" width="341" height="255" srcset="https://www.auxcinephilesdeleau.com/wp-content/uploads/2011/04/006-bateau-ciné+nous.jpg 1600w, https://www.auxcinephilesdeleau.com/wp-content/uploads/2011/04/006-bateau-ciné+nous-300x225.jpg 300w, https://www.auxcinephilesdeleau.com/wp-content/uploads/2011/04/006-bateau-ciné+nous-1024x768.jpg 1024w" sizes="(max-width: 341px) 100vw, 341px" /></a></p>
<h2 style="text-align: center;"><strong>PROGRAMME</strong></h2>
<p><strong>• Le vendredi 11 avril 2008 au port de Dahouët à Pléneuf-Val-André, à 21h : </strong></p>
<p>Projection du film franco-guinéen « Un matin bonne heure » de Gahité Fofana (75min) :</p>
<p><a href="https://www.auxcinephilesdeleau.com/wp-content/uploads/2011/04/Unmatinbonneheurenº2.jpg"><img decoding="async" loading="lazy" class="size-full wp-image-497 alignleft" title="Unmatinbonneheurenº2" src="https://www.auxcinephilesdeleau.com/wp-content/uploads/2011/04/Unmatinbonneheurenº2.jpg" alt="" width="190" height="138" /></a></p>
<p style="text-align: justify;">Deux adolescents flânent dans les rues de Conakry à la recherche de petits boulots, tout en rêvant d&rsquo;un avenir meilleur. Ils décident de préparer leur départ pour l&rsquo;Occident, un monde imposant et anonyme qu&rsquo;ils admirent tant…</p>
<p>On découvre leur entourage, galerie de personnages durcis par la vie. Les jours passent mais rien ne bouge. Gahité Fofana saisit admirablement ces moment suspendus, il honore cette Afrique qui n&rsquo;est pas image touristique mais rythme de vie, de sons et de couleurs.</p>
<p style="text-align: justify;"><a href="https://www.auxcinephilesdeleau.com/wp-content/uploads/2011/04/presentation2.jpg"><img decoding="async" loading="lazy" class="size-full wp-image-498 alignright" title="presentation2" src="https://www.auxcinephilesdeleau.com/wp-content/uploads/2011/04/presentation2.jpg" alt="" width="341" height="255" srcset="https://www.auxcinephilesdeleau.com/wp-content/uploads/2011/04/presentation2.jpg 448w, https://www.auxcinephilesdeleau.com/wp-content/uploads/2011/04/presentation2-300x224.jpg 300w" sizes="(max-width: 341px) 100vw, 341px" /></a></p>
<p>&nbsp;</p>
<p><em>En cas d&rsquo;intempérie, la projection se fera dans le hangar de la Pauline au Port de Dahouët.</em></p>
<p>&nbsp;</p>
<p>&nbsp;</p>
<p>&nbsp;</p>
<p><strong>• Le vendredi 18 avril 2008 au port de Binic, à 21h : </strong></p>
<p>Projection du documentaire breton sur la pêche artisanale « À l&rsquo;Ouest », de Séverine Vermersch (40 min) + courts-métrages produits par Trégor Vidéo.</p>
<p><a href="https://www.auxcinephilesdeleau.com/wp-content/uploads/2011/04/alouest1.jpg"><img decoding="async" loading="lazy" class="alignleft size-full wp-image-499" title="alouest1" src="https://www.auxcinephilesdeleau.com/wp-content/uploads/2011/04/alouest1.jpg" alt="" width="222" height="174" srcset="https://www.auxcinephilesdeleau.com/wp-content/uploads/2011/04/alouest1.jpg 366w, https://www.auxcinephilesdeleau.com/wp-content/uploads/2011/04/alouest1-300x236.jpg 300w" sizes="(max-width: 222px) 100vw, 222px" /></a></p>
<p style="text-align: justify;">« En septembre 2005, j&rsquo;ai embarqué, seule femme parmi 5 hommes, sur le Véronika ; et pendant 15 jours, le temps d&rsquo;une marée, j&rsquo;ai filmé son équipage.<br />
Leurs mots d&rsquo;amour, leurs angoisses, leur bonheur sur l&rsquo;eau ; leurs fous rires, les blagues triviales et un romantisme de midinettes ; les récits de naufrages, quelques déferlantes, les siestes sur le pont, les plongeons depuis la tourelle… » Séverine Vermersch</p>
<p style="text-align: justify;"><em>En cas d&rsquo;intempérie, la projection se fera dans la salle de l&rsquo;Estran de Binic.</em></p>
<p style="text-align: justify;"><em><br />
</em></p>
<p><strong>• Le mercredi 23 avril 2008 au port de Trébeurden, à 21h :</strong></p>
<p style="text-align: justify;"><a href="https://www.auxcinephilesdeleau.com/wp-content/uploads/2011/04/Unmatinbonneheurenº1.jpg"><img decoding="async" loading="lazy" class="alignright size-full wp-image-500" title="Unmatinbonneheurenº1" src="https://www.auxcinephilesdeleau.com/wp-content/uploads/2011/04/Unmatinbonneheurenº1.jpg" alt="" width="287" height="191" srcset="https://www.auxcinephilesdeleau.com/wp-content/uploads/2011/04/Unmatinbonneheurenº1.jpg 555w, https://www.auxcinephilesdeleau.com/wp-content/uploads/2011/04/Unmatinbonneheurenº1-300x200.jpg 300w" sizes="(max-width: 287px) 100vw, 287px" /></a>Projection du film franco-guinéen « Un matin bonne heure » de Gahité Fofana (75min).</p>
<p style="text-align: justify;"><em>En cas d&rsquo;intempérie, la projection se fera à la salle de la CCAS au port de Trébeurden.</em></p>
<p style="text-align: justify;">&nbsp;</p>
<p style="text-align: justify;"><em><br />
</em></p>
<p style="text-align: justify;"><strong>• Le samedi 26 avril 2008 au port de Paimpol, à 21h : </strong></p>
<p>Projection du documentaire breton sur la pêche artisanale « À l&rsquo;Ouest », de Séverine Vermersch (40 min) + 2 courts métrages produits par Trégor Vidéo.</p>
<p style="text-align: justify;"><a href="https://www.auxcinephilesdeleau.com/wp-content/uploads/2011/04/o.f.28avril08.jpg"><img decoding="async" loading="lazy" class="alignleft size-full wp-image-501" title="DSC_0515.JPG" src="https://www.auxcinephilesdeleau.com/wp-content/uploads/2011/04/o.f.28avril08.jpg" alt="" width="252" height="168" srcset="https://www.auxcinephilesdeleau.com/wp-content/uploads/2011/04/o.f.28avril08.jpg 650w, https://www.auxcinephilesdeleau.com/wp-content/uploads/2011/04/o.f.28avril08-300x200.jpg 300w" sizes="(max-width: 252px) 100vw, 252px" /></a></p>
<p style="text-align: justify;">La projection sera suivie d&rsquo;un débat, EN PRESENCE DE LA REALISATRICE, Séverine Vermersch.</p>
<p style="text-align: justify;">&nbsp;</p>
<p style="text-align: justify;">&nbsp;</p>
<p style="text-align: justify;">&nbsp;</p>
<p style="text-align: justify;"><em>Toutes les projections seront gratuites et commenceront à la tombée de la nuit, vers 21h. </em></p>
<p><em>Vin chaud vendu sur place avant la séance. </em></p>
<p><em>Prévoir un vêtement chaud. </em></p>
<p>Cette tournée est organisée par l&rsquo;association « Aux cinéphiles de l&rsquo;eau » qui, avec son cinéma itinérant sur voilier, diffusera des films africains en Casamance.</p>
<p>Avec l&rsquo;aide technique d&rsquo;ACS 22 multimédia et l&rsquo;aide financière du conseil général des Côtes d&rsquo;Armor.</p>
<p style="text-align: justify;">&nbsp;</p>
<p style="text-align: justify;">&nbsp;</p>
<p style="text-align: justify;">&nbsp;</p>

<p>Tournée de projections de films sur le voilier « Evaloa » pendant les vacances de Pâques 2008 : PROGRAMME • Le vendredi 11 avril 2008 au port de Dahouët à Pléneuf-Val-André, à 21h : Projection du film franco-guinéen « Un matin bonne heure » de Gahité &hellip; <a href="https://www.auxcinephilesdeleau.com/?page_id=486">Continuer la lecture <span class="meta-nav">&rarr;</span></a></p>
